2*w + 164 = -61, 0 = -4*w + 12. Give q(h).
-2
Suppose -796*a + 789*a = -77. Let r(b) = b - 18. Give r(a).
-7
Let t(l) = l - 6. Let w = 109 + -98. Let j(b) = b**3 - 10*b**2 - 5*b + 38. Let h be j(w). Suppose 10*u - h = -3*u. Determine t(u).
2
Suppose -33 + 5 = -2*d + 4*j, -d - j = -8. Let m(f) = f**3 - 11*f**2 + 7*f + 22. Determine m(d).
-8
Suppose -5*z + 5*b = -22 - 3, b + 13 = 5*z. Let r(w) = w**2 - 3*w + 2. Let c be r(z). Let k(h) = c + 5*h - 4*h - 2. Calculate k(4).
2
Suppose -3*p + 165*l = 161*l, 2*p + 3*l = -17. Let r(f) = f**2 + 3*f - 3. Give r(p).
1
Let d = -1880 - -1884. Let t(n) = n**3 - 5*n**2 + 7*n - 8. Calculate t(d).
4
Let c(b) = 19*b + 1. Let o(y) = -8*y - 3. Let s(x) = -2*c(x) - 5*o(x). Calculate s(-7).
-1
Suppose -54*v + 51*v = 12. Let i = -20 - v. Let h be (-4)/(i/44) + -3. Let c(n) = n**3 - 7*n**2 - 8*n + 1. Determine c(h).
1
Let d(w) be the first derivative of -w**3/3 - 3*w**2 - 6*w - 28. Let p(h) be the second derivative of -h**3/3 - h**2 + 5*h. Let f be p(2). Give d(f).
-6
Let k = -172 + 174. Let j(n) = -25*n**3 - n + 14*n**3 + 12*n**3 + 8 + 10*n**k - 18. Give j(-10).
0
Let w(x) be the second derivative of x**4/12 - 5*x**3/6 + 7*x**2/2 + 41*x + 3. Let q(l) = -3*l**2 + 15*l - 22. Let s(c) = 2*q(c) + 7*w(c). Give s(7).
19
Let f be (-404)/(-20) - 17/(-935)*-11. Let j(z) = z**3 - 19*z**2 - 22*z - 45. What is j(f)?
-85
Let c(k) = 2*k**3 - 2*k**2 + 4*k - 2. Let a(i) = -2*i**3 - 1. Let x(b) = -3*a(b) - c(b). Calculate x(-3).
-73
Suppose 12 = -i + 148*y - 144*y, -3*i - 3*y - 36 = 0. Let b(a) = -a**3 - 12*a**2 - 8*a - 16. What is b(i)?
80
Let y(r) be the third derivative of 0*r - 1/24*r**4 + 9*r**2 - 1/60*r**5 + 0 - 1/3*r**3. Determine y(0).
-2
Let z(v) = -v - 9. Let f(g) = 2*g + 312*g**2 + g - 39 + g**3 - 325*g**2. Let t = 1 + 12. Let h be f(t). Determine z(h).
-9
Let i(q) = -q**2 + 6*q + 9. Suppose -c + 4*n - 3*n = -5, 0 = -c + 2*n + 8. Suppose 0 = -c*f + t + 18, 5*t - 22 = -11*f + 7*f. Give i(f).
-7
Let z = 308 - 307. Let p(v) be the third derivative of 3*v**6/40 - v**5/60 + v**4/24 + 133*v**2 + v. Determine p(z).
9
Let o(z) = -z**3 + 6*z**2 - z - 19. Let t = 1401 - 1396. Determine o(t).
1
Let i = -2322 + 2330. Let h(l) = l**3 - 8*l**2 + 4*l - 23. What is h(i)?
9
Let n(k) be the third derivative of 23*k**6/120 - k**5/60 - k**4/24 - k**3/6 + 171*k**2 + 2*k + 3. Suppose -4*j + 0 = 4. Calculate n(j).
-24
Let l(a) = -a**3 - 35*a**2 - 65*a + 38. Let d be l(-33). Suppose 25 = -p + d*c, -7 = 5*p - 2*c + 3. Let j(r) = r**2 + r + 12. Determine j(p).
12
Let l(v) = 5*v**3 + v**2 - 2*v + 1. Suppose 3*p + 0 = 3*a + 15, a = -5*p + 19. Suppose 2*y - 10*j + 12*j = 12, p*y - 5*j + 21 = 0. What is l(y)?
5
Let x(y) = -y**3 + 2*y + 2. Let o be (4/(-18))/((-7)/(-189)*6). Determine x(o).
1
Let s(x) = x + 9. Suppose 5*l - 4*v + 38 = 7*l, -5*v - 19 = -l. Suppose -4*b - 3*n - l - 9 = 0, b + 8 = -n. What is s(b)?
5
Let b = 14524 - 14521. Let s(t) = -t**2 - t - 4. Determine s(b).
-16
Let h(j) = 14*j**2 - 2*j**2 - 7*j**2 + 3*j - 6*j**2 + 0*j**2. Let m(c) = -5*c**2 + 10*c + 2. Let q(s) = -9*h(s) + 2*m(s). What is q(-7)?
4
Let m(u) = u**2 - 16*u - 30. Let j be m(18). Suppose -g + 5*a + 34 = j, 12 = 2*g + a. Let n(k) = -k + 2. Determine n(g).
-6
Let g(i) = -4*i**2 + 110*i - 3. Let a(k) = -7*k**2 + 184*k - 5. Let v(j) = 3*a(j) - 5*g(j). Let m = 1 - -3. What is v(m)?
-8
Let m(r) = 45*r**2 + 2*r - 1. Let n(f) = -f**3 + 217*f**2 + 2*f - 4. Let g(p) = 5*m(p) - n(p). Determine g(-3).
20
Let x(j) = j**3 - 5*j**2 + 3*j - 2. Suppose -3*w + 5*g = 65, -160 = 10*w - 5*w + 2*g. Let b = w - -34. Give x(b).
-6
Let v be 2/12*-4 + 696/72 - 10. Let d(x) = -x**3 + 5*x**3 + 7*x**3. Give d(v).
-11
Suppose 2*m - 2*w + 48 = 0, -51 = 17*m - 13*m + 5*w. Let t(h) = -h**3 - 19*h**2 + 5*h + 59. Calculate t(m).
-36
Let i(f) = -6*f**2 + 2. Let v be 88/(-66) + 8/6. Suppose v = 4*j + 4*r - 16, 5*j - 4 = -r + 8. Give i(j).
-22
Let z(h) = -3*h**2 - h - 2. Let l(g) = 3*g + 49. Let k(c) = -8*c - 148. Let i(d) = 2*k(d) + 7*l(d). Let u be i(-10). Calculate z(u).
-26
Let z(t) = -t**2 - 45*t - 136. Let b(l) = -187*l - 6400. Let g be b(-34). Give z(g).
-10
Let r(n) = -11*n**2 + 26*n + 40. Let m(z) = -17*z**2 + 28*z + 40. Let d(b) = -2*m(b) + 3*r(b). Give d(-21).
19
Let x(v) = v**2 + 37*v + 100. Let w be x(-32). Let k be ((-40)/w)/((-2)/(-15)). Let s(z) = z + 2*z - 5*z + 4. Give s(k).
-6
Let d(l) = 2*l - 2. Let b = -71 + 72. Let c(v) = -6*v + 2. Let j(g) = b*c(g) + d(g). Suppose 4*p + 0*p + 4 = 0. Calculate j(p).
4
Let w(i) = 11*i - 1567. Let m be w(142). Let r(z) = 2*z**2 - 15*z - 108. Calculate r(m).
17
Let b(k) = -k**3 - 4*k**2 - 2*k + 2. Let g(m) be the third derivative of 7*m**4/12 - 15*m**3/2 - 10*m**2 + 3. Let c be g(3). Calculate b(c).
-1
Let v(x) be the first derivative of 3*x + 9 - 5*x + x**2 - 10 + 0*x. Suppose 19*s + 20 = 9*s. What is v(s)?
-6
Let q(h) be the second derivative of h**5/10 + h**4/3 - h**3/2 - 3*h**2 - 612*h. Determine q(-3).
-15
Let h(a) = -5*a**3 - 40*a - 1 - 31*a - 25*a + 92*a. What is h(-2)?
47
Let q(l) = 1 + 3*l**3 + 70*l**2 - 14*l - 85*l**2 - 4*l**3. Let z be q(-14). Let k(c) be the second derivative of -19*c**3/6 + c**2/2 - c. Give k(z).
-18
Let h(f) = -2*f**3 + 19*f**2 - 14*f + 3. Suppose -23 = -3*i - 2*v, 4*i + 2*v + 247 = 279. Calculate h(i).
-42
Let n(g) = -3*g**3 - 8*g**2 - 14*g + 29. Let s be 8/(-32) + 108/(-16). Let r(d) = -2*d**3 - 5*d**2 - 10*d + 20. Let o(b) = s*r(b) + 5*n(b). Determine o(-5).
5
Let d(s) = 3*s**2 - 4*s - 1. Let a be 22/(-3)*((-22)/4 - -4). Let b be 4/(-1) - (4 - a). Suppose l - b*v - 3 - 6 = 0, v = -2. Determine d(l).
14
Let c(t) = 4*t**3 + 15*t**2 + 23*t - 1. Let i(f) = f**3 + 3*f - 4. Let u(s) = c(s) - 3*i(s). Give u(-14).
11
Suppose -i - 2*p = -314 + 1367, 4*p = 2*i + 2090. Let b = i + 1055. Let w(a) be the first derivative of -a**2 - 1. What is w(b)?
-12
Let l(k) = 11*k - 21. Let w be l(5). Let x be (-41)/13 - w/(-221). Let r(n) = 11*n - 2. Give r(x).
-35
Suppose -4*g = -3*h + 3 - 21, 4*g = 4*h + 16. Let p be (-3)/2 - (g - (-105)/(-6)). Let y(d) = 3*d - 30. What is y(p)?
0
Let v be (1 - 10)*((-16)/(-12) + -2). Let k(b) = -b**2 + 10*b - 20. Let h be k(v). Let p(s) = -4*s + 6 + 0*s**2 - 3*s - 6*s**2 + 7*s**2. Determine p(h).
-6
Let y(a) = 6*a - 4. Let q = 405 - 402. Suppose 0 = q*v + 7*k - 3*k - 14, 3*v + 5*k = 16. Give y(v).
8
Suppose 15*q = 177 - 27. Let x(i) = 1 + 25 + 6 - q - i. Let g(b) = b**3 + 5*b**2 - 15*b - 7. Let l be g(-7). Calculate x(l).
22
Let z(g) = -g**2 + 8*g - 12. Let r be z(4). Suppose r*h + 5 = 9. Let c(v) = 6*v + h + 46*v**2 + 5 - 24*v**2 - 21*v**2. Determine c(-4).
-2
Suppose 0 = -9*d + 699 - 645. Let m(q) = q**2 - 21*q + 97. Calculate m(d).
7
Let m(u) be the first derivative of -u**5/60 + 7*u**4/24 - u**3 - u**2 + 195*u + 243. Let o(g) be the second derivative of m(g). What is o(4)?
6
Let w = -8573 + 8576. Let u(n) = -2*n**3 + 2*n**2 + 3*n - 6. What is u(w)?
-33
Let d(g) = -3*g + 0*g + 0*g + 2. Suppose 10*k = 4*k + 294. Suppose 0 = -47*v + k*v - 4. Determine d(v).
-4
Suppose -14*y + 17*y - 3 = 0. Let l(o) = -48*o + y + 66*o + 7 - 2*o**2 + 9. Let n be l(10). Let k(u) = -u**2 - 4*u - 1. Determine k(n).
2
Suppose -11 = 5*r - d + 2*d, 0 = 4*r - d + 7. Let q = 3 + r. Let b(v) = 0 - 4*v + 0 + 2*v + q. Give b(-2).
5
Let y(n) = 12*n + 1. Let r be 1 - (-2)/(-6 - (-13 - -8)). What is y(r)?
-11
Let q(i) = -4*i + 4*i**3 - 8 + 3*i**2 + 25 - 15 + 0*i**3 - 9*i**3. Calculate q(1).
-4
Let v(p) be the first derivative of -1/2*p**2 - 17 + 6*p. What is v(-6)?
12
Let t(g) = -49*g - 3053. Let w be t(-62). Let s(v) = -v**3 - 15*v**2 - v - 19. Calculate s(w).
-4
Let w = -5 + 5. Suppose -4*z + 5*z - 2 = k, z + 2*k - 8 = w. Let u(p) = 3*p + 10 + 3*p**3 - 4*p**3 - 14 + 9 - 7*p + 5*p**2. Give u(z).
5
Let o(p) = -p**2 - 8*p + 15. Suppose -463 = 31*s - 122. Calculate o(s).
-18
Let s(w) = -107*w - 404. Let x(b) = 8*b - 1. Let f(o) = s(o) + 3*x(o). Determine f(-5).
8
Let a(p) = -7*p - 2*p**2 + 2 + p**2 + 8*p. Let n be ((-2)/4)/(2/(-16)). Suppose 2*l - n = -2*b, -5*b + 7 + 3 = l. What is a(l)?
2
Let d = 10092 - 10102. Let h(w) = 80*w + 795. Determine h(d).
-5
Let l = -215 + 373. Let o(k) = 311*k**2 - l*k**2 - 151*k**2 - 4 - 3*k. What is o(3)?
5
Suppose 4*a = 2*p - 6, -4*a - 5*p = -21 + 62. Let u(x) = x**3 + 3*x**2 - 4*x + 3. Calculate u(a).
3
L